{"id":23,"date":"2024-09-04T16:05:43","date_gmt":"2024-09-04T14:05:43","guid":{"rendered":"http:\/\/alairlib.cluster010.ovh.net\/?page_id=23"},"modified":"2024-09-07T15:41:14","modified_gmt":"2024-09-07T13:41:14","slug":"qui-suis-je","status":"publish","type":"page","link":"https:\/\/alairlibre.com\/index.php\/qui-suis-je\/","title":{"rendered":"Qui suis-je ?"},"content":{"rendered":"<div data-colibri-id=\"23-c1\" class=\"style-335 style-local-23-c1 position-relative\">\n  <!---->\n  <div data-colibri-component=\"section\" data-colibri-id=\"23-c2\" id=\"custom\" class=\"h-section h-section-global-spacing d-flex align-items-lg-center align-items-md-center align-items-center style-355 style-local-23-c2 position-relative\">\n    <!---->\n    <!---->\n    <div class=\"h-section-grid-container h-section-boxed-container\">\n      <!---->\n      <div data-colibri-id=\"23-c3\" class=\"h-row-container gutters-row-lg-2 gutters-row-md-2 gutters-row-0 gutters-row-v-lg-2 gutters-row-v-md-2 gutters-row-v-2 style-356 style-local-23-c3 position-relative\">\n        <!---->\n        <div class=\"h-row justify-content-lg-center justify-content-md-center justify-content-center align-items-lg-stretch align-items-md-stretch align-items-stretch gutters-col-lg-2 gutters-col-md-2 gutters-col-0 gutters-col-v-lg-2 gutters-col-v-md-2 gutters-col-v-2\">\n          <!---->\n          <div class=\"h-column h-column-container d-flex h-col-lg-auto h-col-md-auto h-col-auto style-357-outer style-local-23-c4-outer\">\n            <div data-colibri-id=\"23-c4\" class=\"d-flex h-flex-basis h-column__inner h-px-lg-2 h-px-md-2 h-px-2 v-inner-lg-2 v-inner-md-2 v-inner-2 style-357 style-local-23-c4 position-relative\">\n              <!---->\n              <!---->\n              <div class=\"w-100 h-y-container h-column__content h-column__v-align flex-basis-100 align-self-lg-start align-self-md-start align-self-start\">\n                <!---->\n                <div data-colibri-id=\"23-c5\" class=\"d-block style-359 style-local-23-c5 position-relative h-element\">\n                  <!---->\n                  <div class=\"h-image__frame-container-outer\">\n                    <div class=\"h-image__frame-container\">\n                      <!---->\n                      <!---->\n                      <img loading=\"lazy\" decoding=\"async\" width=\"2355\" height=\"2560\" src=\"http:\/\/alairlib.cluster010.ovh.net\/wp-content\/uploads\/2024\/09\/portrait-livre-chantez-scaled.jpg\" class=\"wp-image-921 style-359-image style-local-23-c5-image\" alt=\"\" srcset=\"https:\/\/alairlibre.com\/wp-content\/uploads\/2024\/09\/portrait-livre-chantez-scaled.jpg 2355w, https:\/\/alairlibre.com\/wp-content\/uploads\/2024\/09\/portrait-livre-chantez-276x300.jpg 276w, https:\/\/alairlibre.com\/wp-content\/uploads\/2024\/09\/portrait-livre-chantez-942x1024.jpg 942w, https:\/\/alairlibre.com\/wp-content\/uploads\/2024\/09\/portrait-livre-chantez-768x835.jpg 768w, https:\/\/alairlibre.com\/wp-content\/uploads\/2024\/09\/portrait-livre-chantez-1413x1536.jpg 1413w, https:\/\/alairlibre.com\/wp-content\/uploads\/2024\/09\/portrait-livre-chantez-1884x2048.jpg 1884w\" sizes=\"auto, (max-width: 2355px) 100vw, 2355px\" \/>\n                      <div class=\"h-image__frame h-hide-lg h-hide-md h-hide-sm style-359-frameImage style-local-23-c5-frameImage\"><\/div>\n                    <\/div>\n                  <\/div>\n                <\/div>\n              <\/div>\n            <\/div>\n          <\/div>\n          <div class=\"h-column h-column-container d-flex h-col-lg-auto h-col-md-auto h-col-auto style-358-outer style-local-23-c6-outer\">\n            <div data-colibri-id=\"23-c6\" class=\"d-flex h-flex-basis h-column__inner h-px-lg-2 h-px-md-2 h-px-2 v-inner-lg-2 v-inner-md-2 v-inner-2 style-358 style-local-23-c6 position-relative\">\n              <!---->\n              <!---->\n              <div class=\"w-100 h-y-container h-column__content h-column__v-align flex-basis-100 align-self-lg-start align-self-md-start align-self-start\">\n                <!---->\n                <div data-colibri-id=\"23-c7\" class=\"h-text h-text-component style-360 style-local-23-c7 position-relative h-element\">\n                  <!---->\n                  <!---->\n                  <div class=\"\">\n                    <p>Depuis toujours, la musique tient une place primordiale dans ma vie. Des comptines de l\u2019enfance en passant par des groupes de soul, de jazz et de bossa, j\u2019ai toujours chant\u00e9.<\/p>\n                    <p>En 1978,&nbsp;j&rsquo;ai entrepris des \u00e9tudes d&rsquo;orthophonie qui m&rsquo;ont \u00e9clair\u00e9e sur le fonctionnement de l&rsquo;appareil vocal. Je me suis tout naturellement sp\u00e9cialis\u00e9e en r\u00e9\u00e9ducation vocale, ce qui m\u2019a permis de relier les connaissances m\u00e9dicales\n                      et mon v\u00e9cu de chanteuse. Et pour transmettre ces notions que je trouvais essentielles, j&rsquo;ai cr\u00e9\u00e9 l&rsquo;\u00e9cole de technique vocale de Montpellier (ETVM).<\/p>\n                    <p>J&rsquo;ai rapidement fait le lien entre la voix et le v\u00e9cu de la personne, entre son \u00e9tat \u00e9motionnel et la fa\u00e7on dont sa voix vibre et se place, que ce soit la voix parl\u00e9e ou la voix chant\u00e9e. Au fond, notre voix ne nous trahit pas, elle\n                      exprime ce que nous ne pouvons ou ne voulons pas entendre, elle raconte notre histoire. <\/p>\n                    <p>J&rsquo;ai pris conscience que durant les s\u00e9ances, j&rsquo;avais la capacit\u00e9 d&rsquo;avoir deux niveaux d&rsquo;\u00e9coute : le son de la voix et la musique int\u00e9rieure de l&rsquo;\u00eatre. Depuis la naissance, ma vie a \u00e9t\u00e9 jalonn\u00e9e d&rsquo;\u00e9preuves, dont une exp\u00e9rience de mort\n                      imminente, ce qui a exacerb\u00e9 ma sensibilit\u00e9 et a ouvert en moi des canaux de r\u00e9ceptivit\u00e9. Ce n&rsquo;a pas \u00e9t\u00e9 toujours facile d&rsquo;assumer ces \u00e9tats de conscience, je doutais, j&rsquo;avais peur du jugement, je ne me sentais pas l\u00e9gitime et j&rsquo;avais\n                      tendance \u00e0 me cacher.<\/p>\n                    <p>Ainsi, autant pour mon d\u00e9veloppement personnel que pour \u00e9largir et enrichir ma pratique, j&rsquo;ai explor\u00e9 de nombreux chemins. J&rsquo;ai pratiqu\u00e9 la m\u00e9ditation, suivi l&rsquo;enseignement d&rsquo;Arnaud Desjardins, de Jacques Salom\u00e9, exp\u00e9riment\u00e9 diff\u00e9rentes\n                      pratiques corporelles (Feldenkrais, Gerda Alexander, Gurdjieff&#8230;) et je me suis form\u00e9e en techniques de relaxation et en sophrologie. Tout naturellement, des ponts se sont cr\u00e9\u00e9s entre ces approches corporelles et spirituelles, ma\n                      pratique vocale et mes capacit\u00e9s de clairvoyance.<\/p>\n                    <p>Aujourd&rsquo;hui je vous accompagne avec bienveillance pour accueillir toutes les parties de votre \u00eatre, oser prendre votre place et vivre pleinement avec vous-m\u00eame et avec les autres.<\/p>\n                  <\/div>\n                <\/div>\n              <\/div>\n            <\/div>\n          <\/div>\n        <\/div>\n      <\/div>\n    <\/div>\n  <\/div>\n<\/div>","protected":false},"excerpt":{"rendered":"<p>Depuis toujours, la musique tient une place primordiale dans ma vie. Des comptines de l\u2019enfance en passant par des groupes de soul, de jazz et de bossa, j\u2019ai toujours chant\u00e9. En 1978,&nbsp;j&rsquo;ai entrepris des \u00e9tudes d&rsquo;orthophonie qui m&rsquo;ont \u00e9clair\u00e9e sur le fonctionnement de l&rsquo;appareil vocal. Je me suis tout naturellement sp\u00e9cialis\u00e9e en r\u00e9\u00e9ducation vocale, ce [&hellip;]<\/p>\n","protected":false},"author":1,"featured_media":0,"parent":0,"menu_order":0,"comment_status":"closed","ping_status":"closed","template":"page-templates\/full-width-page.php","meta":{"footnotes":""},"class_list":["post-23","page","type-page","status-publish","hentry"],"_links":{"self":[{"href":"https:\/\/alairlibre.com\/index.php\/wp-json\/wp\/v2\/pages\/23","targetHints":{"allow":["GET"]}}],"collection":[{"href":"https:\/\/alairlibre.com\/index.php\/wp-json\/wp\/v2\/pages"}],"about":[{"href":"https:\/\/alairlibre.com\/index.php\/wp-json\/wp\/v2\/types\/page"}],"author":[{"embeddable":true,"href":"https:\/\/alairlibre.com\/index.php\/wp-json\/wp\/v2\/users\/1"}],"replies":[{"embeddable":true,"href":"https:\/\/alairlibre.com\/index.php\/wp-json\/wp\/v2\/comments?post=23"}],"version-history":[{"count":10,"href":"https:\/\/alairlibre.com\/index.php\/wp-json\/wp\/v2\/pages\/23\/revisions"}],"predecessor-version":[{"id":1039,"href":"https:\/\/alairlibre.com\/index.php\/wp-json\/wp\/v2\/pages\/23\/revisions\/1039"}],"wp:attachment":[{"href":"https:\/\/alairlibre.com\/index.php\/wp-json\/wp\/v2\/media?parent=23"}],"curies":[{"name":"wp","href":"https:\/\/api.w.org\/{rel}","templated":true}]}}